{"id":545,"date":"2020-10-17T14:24:39","date_gmt":"2020-10-17T14:24:39","guid":{"rendered":"http:\/\/leidhecker-heim-spiel.de\/?page_id=545"},"modified":"2020-10-21T07:55:22","modified_gmt":"2020-10-21T07:55:22","slug":"game-brewer","status":"publish","type":"page","link":"http:\/\/leidhecker-heim-spiel.de\/?page_id=545","title":{"rendered":"Game Brewer"},"content":{"rendered":"\n<div class=\"wp-block-media-text alignwide is-stacked-on-mobile is-vertically-aligned-top\" style=\"grid-template-columns:29% auto\"><figure class=\"wp-block-media-text__media\"><img loading=\"lazy\" decoding=\"async\" width=\"1024\" height=\"683\" src=\"http:\/\/leidhecker-heim-spiel.de\/wp-content\/uploads\/2020\/10\/Logo-Game-Brewer-RGB-with-shadow-1024x683.png\" alt=\"\" class=\"wp-image-695\" srcset=\"http:\/\/leidhecker-heim-spiel.de\/wp-content\/uploads\/2020\/10\/Logo-Game-Brewer-RGB-with-shadow-1024x683.png 1024w, http:\/\/leidhecker-heim-spiel.de\/wp-content\/uploads\/2020\/10\/Logo-Game-Brewer-RGB-with-shadow-300x200.png 300w, http:\/\/leidhecker-heim-spiel.de\/wp-content\/uploads\/2020\/10\/Logo-Game-Brewer-RGB-with-shadow-768x512.png 768w, http:\/\/leidhecker-heim-spiel.de\/wp-content\/uploads\/2020\/10\/Logo-Game-Brewer-RGB-with-shadow-1536x1024.png 1536w, http:\/\/leidhecker-heim-spiel.de\/wp-content\/uploads\/2020\/10\/Logo-Game-Brewer-RGB-with-shadow-2048x1365.png 2048w\" sizes=\"auto, (max-width: 767px) 89vw, (max-width: 1000px) 54vw, (max-width: 1071px) 543px, 580px\" \/><\/figure><div class=\"wp-block-media-text__content\">\n<p>Heute kam die Nachricht von Game Brewer, dass <strong>Paris<\/strong> von Wolfgang Kramer und Michael Kiesling auf dem Weg zu uns ist. Das Schiff mit den Kickstartern kam noch rechtzeitig an.<br>Sind sehr gespannt auf das Spiel.<\/p>\n\n\n\n<p><\/p>\n<\/div><\/div>\n\n\n\n<div class=\"wp-block-media-text alignwide is-stacked-on-mobile is-vertically-aligned-top\" style=\"grid-template-columns:29% auto\"><figure class=\"wp-block-media-text__media\"><img loading=\"lazy\" decoding=\"async\" width=\"1024\" height=\"1024\" src=\"http:\/\/leidhecker-heim-spiel.de\/wp-content\/uploads\/2020\/10\/Paris-1024x1024.png\" alt=\"\" class=\"wp-image-699\" srcset=\"http:\/\/leidhecker-heim-spiel.de\/wp-content\/uploads\/2020\/10\/Paris.png 1024w, http:\/\/leidhecker-heim-spiel.de\/wp-content\/uploads\/2020\/10\/Paris-300x300.png 300w, http:\/\/leidhecker-heim-spiel.de\/wp-content\/uploads\/2020\/10\/Paris-150x150.png 150w, http:\/\/leidhecker-heim-spiel.de\/wp-content\/uploads\/2020\/10\/Paris-768x768.png 768w, http:\/\/leidhecker-heim-spiel.de\/wp-content\/uploads\/2020\/10\/Paris-100x100.png 100w\" sizes=\"auto, (max-width: 767px) 89vw, (max-width: 1000px) 54vw, (max-width: 1071px) 543px, 580px\" \/><\/figure><div class=\"wp-block-media-text__content\">\n<p id=\"block-0a55fa59-1823-44aa-9060-1c17570da134\"><strong>Paris<\/strong><\/p>\n\n\n\n<p id=\"block-559ada64-0f4c-4403-9fca-1c20d5abc99f\">In Paris \u00fcbernimmst du die Rolle eines wohlhabenden Immobilieninvestors im Paris des 20. Jahrhunderts. Paris befindet sich auf dem H\u00f6hepunkt seiner Verwandlung in eine der sch\u00f6nsten St\u00e4dte der Welt. Nach der erfolgreichen Organisation der Weltausstellung im Jahr 1889, die durch den Bau des Eiffelturms und die Feier des 100. Jahrestages der Erst\u00fcrmung der Bastille gekr\u00f6nt wurde, erlebt Paris eine Zeit, die als \u201eBelle \u00c9poque\u201c bekannt ist. Die in dieser Zeit geschaffene Architektur von Paris reichte von Beaux-Arts, neo-byzantinisch und neo-gotisch bis zu Jugendstil und Art Deco. <br><img loading=\"lazy\" decoding=\"async\" width=\"400\" height=\"267\" class=\"wp-image-700\" style=\"width: 400px;\" src=\"http:\/\/leidhecker-heim-spiel.de\/wp-content\/uploads\/2020\/10\/brett-scaled.jpg\" alt=\"\" srcset=\"http:\/\/leidhecker-heim-spiel.de\/wp-content\/uploads\/2020\/10\/brett-scaled.jpg 2560w, http:\/\/leidhecker-heim-spiel.de\/wp-content\/uploads\/2020\/10\/brett-300x200.jpg 300w, http:\/\/leidhecker-heim-spiel.de\/wp-content\/uploads\/2020\/10\/brett-1024x683.jpg 1024w, http:\/\/leidhecker-heim-spiel.de\/wp-content\/uploads\/2020\/10\/brett-768x512.jpg 768w, http:\/\/leidhecker-heim-spiel.de\/wp-content\/uploads\/2020\/10\/brett-2048x1365.jpg 2048w\" sizes=\"auto, (max-width: 400px) 100vw, 400px\" \/><br>Es ist deine Aufgabe, einige dieser pr\u00e4chtigen Pariser Geb\u00e4ude zu erwerben, um Gewinne zu erzielen und in die Entwicklung und Instandhaltung einiger der ber\u00fchmtesten Denkm\u00e4ler und Wahrzeichen von Paris zu investieren.<\/p>\n\n\n\n<p class=\"has-small-font-size\" id=\"block-efeab15e-6baa-43b6-b8dc-c4bf0ddd0d08\"><strong>Spieler: F\u00fcr 2 bis 4 Spieler ab 10 Jahren Spieldauer: 90 Minuten<\/strong><\/p>\n\n\n\n<p class=\"has-small-font-size\" id=\"block-ada516a7-e3ce-492f-b57d-a3647405974e\">Quelle: <a href=\"https:\/\/pegasusshop.de\/hersteller\/game-brewer\/\">Game Brewer<\/a><br>Verlag: <a href=\"https:\/\/pegasusshop.de\/hersteller\/game-brewer\/\">Game Brewer<\/a><br>Erscheinungsdatum: 22.10.2020<\/p>\n\n\n\n<p id=\"block-358e6094-4641-4e5c-baea-38fd26933d51\"><\/p>\n<\/div><\/div>\n","protected":false},"excerpt":{"rendered":"<p>Heute kam die Nachricht von Game Brewer, dass Paris von Wolfgang Kramer und Michael Kiesling auf dem Weg zu uns ist. Das Schiff mit den Kickstartern kam noch rechtzeitig an.Sind sehr gespannt auf das Spiel. Paris In Paris \u00fcbernimmst du die Rolle eines wohlhabenden Immobilieninvestors im Paris des 20. Jahrhunderts. Paris befindet sich auf dem &hellip; <\/p>\n<p class=\"link-more\"><a href=\"http:\/\/leidhecker-heim-spiel.de\/?page_id=545\" class=\"more-link\"><span class=\"screen-reader-text\">\u201eGame Brewer\u201c<\/span> weiterlesen<\/a><\/p>\n","protected":false},"author":1,"featured_media":0,"parent":0,"menu_order":0,"comment_status":"closed","ping_status":"closed","template":"","meta":{"footnotes":""},"class_list":["post-545","page","type-page","status-publish","hentry"],"_links":{"self":[{"href":"http:\/\/leidhecker-heim-spiel.de\/index.php?rest_route=\/wp\/v2\/pages\/545","targetHints":{"allow":["GET"]}}],"collection":[{"href":"http:\/\/leidhecker-heim-spiel.de\/index.php?rest_route=\/wp\/v2\/pages"}],"about":[{"href":"http:\/\/leidhecker-heim-spiel.de\/index.php?rest_route=\/wp\/v2\/types\/page"}],"author":[{"embeddable":true,"href":"http:\/\/leidhecker-heim-spiel.de\/index.php?rest_route=\/wp\/v2\/users\/1"}],"replies":[{"embeddable":true,"href":"http:\/\/leidhecker-heim-spiel.de\/index.php?rest_route=%2Fwp%2Fv2%2Fcomments&post=545"}],"version-history":[{"count":6,"href":"http:\/\/leidhecker-heim-spiel.de\/index.php?rest_route=\/wp\/v2\/pages\/545\/revisions"}],"predecessor-version":[{"id":706,"href":"http:\/\/leidhecker-heim-spiel.de\/index.php?rest_route=\/wp\/v2\/pages\/545\/revisions\/706"}],"wp:attachment":[{"href":"http:\/\/leidhecker-heim-spiel.de\/index.php?rest_route=%2Fwp%2Fv2%2Fmedia&parent=545"}],"curies":[{"name":"wp","href":"https:\/\/api.w.org\/{rel}","templated":true}]}}