{"id":576,"date":"2020-10-17T15:31:05","date_gmt":"2020-10-17T15:31:05","guid":{"rendered":"http:\/\/leidhecker-heim-spiel.de\/?page_id=576"},"modified":"2020-10-17T15:31:17","modified_gmt":"2020-10-17T15:31:17","slug":"feuerland","status":"publish","type":"page","link":"http:\/\/leidhecker-heim-spiel.de\/?page_id=576","title":{"rendered":"Feuerland"},"content":{"rendered":"\n<p>SPIEL lokal 22.-25.10.20 \u2013 Feuerland<\/p>\n\n\n\n<div class=\"wp-block-media-text alignwide is-stacked-on-mobile\" style=\"grid-template-columns:36% auto\"><figure class=\"wp-block-media-text__media\"><img loading=\"lazy\" decoding=\"async\" width=\"354\" height=\"112\" src=\"http:\/\/leidhecker-heim-spiel.de\/wp-content\/uploads\/2020\/10\/logo-1.png\" alt=\"\" class=\"wp-image-170\" srcset=\"http:\/\/leidhecker-heim-spiel.de\/wp-content\/uploads\/2020\/10\/logo-1.png 354w, http:\/\/leidhecker-heim-spiel.de\/wp-content\/uploads\/2020\/10\/logo-1-300x95.png 300w\" sizes=\"auto, (max-width: 354px) 100vw, 354px\" \/><\/figure><div class=\"wp-block-media-text__content\">\n<p>Feuerland ist ebenfalls mit Herbstneuheiten auf der Spiel lokal in Leidhecken dabei.<\/p>\n\n\n\n<p><strong>New York Zoo, Pendulum<\/strong><\/p>\n<\/div><\/div>\n\n\n\n<p><strong>New York Zoo<\/strong><\/p>\n\n\n\n<figure class=\"wp-block-image size-large\"><a href=\"https:\/\/feuerland-spiele.de\/spiele\/newyorkzoo.php\"><img loading=\"lazy\" decoding=\"async\" width=\"730\" height=\"1024\" src=\"http:\/\/leidhecker-heim-spiel.de\/wp-content\/uploads\/2020\/10\/Cover_newyorkzoo-730x1024.jpg\" alt=\"\" class=\"wp-image-178\" srcset=\"http:\/\/leidhecker-heim-spiel.de\/wp-content\/uploads\/2020\/10\/Cover_newyorkzoo-730x1024.jpg 730w, http:\/\/leidhecker-heim-spiel.de\/wp-content\/uploads\/2020\/10\/Cover_newyorkzoo-214x300.jpg 214w, http:\/\/leidhecker-heim-spiel.de\/wp-content\/uploads\/2020\/10\/Cover_newyorkzoo-768x1077.jpg 768w, http:\/\/leidhecker-heim-spiel.de\/wp-content\/uploads\/2020\/10\/Cover_newyorkzoo-1095x1536.jpg 1095w, http:\/\/leidhecker-heim-spiel.de\/wp-content\/uploads\/2020\/10\/Cover_newyorkzoo-1460x2048.jpg 1460w, http:\/\/leidhecker-heim-spiel.de\/wp-content\/uploads\/2020\/10\/Cover_newyorkzoo-scaled.jpg 1825w\" sizes=\"auto, (max-width: 730px) 100vw, 730px\" \/><\/a><figcaption>New York Zoo <br>Spieler: 1-5<br>Alter: ab 10<br>Dauer: 30-60min<\/figcaption><\/figure>\n\n\n\n<p>Puzzeln und Tiere z\u00fcchten: Das Beste von UWE ROSENBERG in einem Spiel!<\/p>\n\n\n\n<p>In New York Zoo errichtet ihr einen Tierpark. Baut Gehege, stattet diese mit Tieren aus und lasst sie Nachwuchs bekommen. Die Grundregeln des Spieles sind schnell erlernt, denn es gibt nur zwei Aktionsm\u00f6glichkeiten: Setzt ein neues Gehege auf eurem Zooplan ein oder beschafft euch Tiere f\u00fcr die Anlagen. Dabei ist aber ein gutes Timing gefragt, denn in euren Z\u00fcgen l\u00f6st ihr immer wieder Tiervermehrungen aus, an denen ihr teilhaben wollt.<br>Sobald ihr ein Gehege mit Tieren komplett gef\u00fcllt habt, d\u00fcrft ihr euch eine Attraktion (Sonderpl\u00e4ttchen) nehmen, die euch hilft euren Zooplan weiter vollzupuzzeln. Der erste Zoo, der vollst\u00e4ndig bepuzzelt ist, gewinnt!<\/p>\n\n\n\n<p><\/p>\n\n\n\n<p><strong>Pendulum<\/strong><\/p>\n\n\n\n<figure class=\"wp-block-image size-large\"><img loading=\"lazy\" decoding=\"async\" width=\"2541\" height=\"2560\" src=\"http:\/\/leidhecker-heim-spiel.de\/wp-content\/uploads\/2020\/10\/Cover_pendulum-1-scaled.jpg\" alt=\"\" class=\"wp-image-183\" srcset=\"http:\/\/leidhecker-heim-spiel.de\/wp-content\/uploads\/2020\/10\/Cover_pendulum-1-scaled.jpg 2541w, http:\/\/leidhecker-heim-spiel.de\/wp-content\/uploads\/2020\/10\/Cover_pendulum-1-298x300.jpg 298w, http:\/\/leidhecker-heim-spiel.de\/wp-content\/uploads\/2020\/10\/Cover_pendulum-1-150x150.jpg 150w, http:\/\/leidhecker-heim-spiel.de\/wp-content\/uploads\/2020\/10\/Cover_pendulum-1-768x774.jpg 768w, http:\/\/leidhecker-heim-spiel.de\/wp-content\/uploads\/2020\/10\/Cover_pendulum-1-1525x1536.jpg 1525w, http:\/\/leidhecker-heim-spiel.de\/wp-content\/uploads\/2020\/10\/Cover_pendulum-1-2033x2048.jpg 2033w, http:\/\/leidhecker-heim-spiel.de\/wp-content\/uploads\/2020\/10\/Cover_pendulum-1-100x100.jpg 100w\" sizes=\"auto, (max-width: 767px) 89vw, (max-width: 1000px) 54vw, (max-width: 1071px) 543px, 580px\" \/><figcaption>Spieler: 1-5<br>Alter: ab 12<br>Dauer: 60-90min<\/figcaption><\/figure>\n\n\n\n<p>Workerplacement in Echtzeit: Bei Pendulum kommt keine Langeweile auf!<\/p>\n\n\n\n<p>Pendulum ist ein zugloses Echtzeitstrategiespiel f\u00fcr 1-5 Spieler. Drei Sanduhren mit unterschiedlicher Laufzeit steuern den Fluss der Aktionen. Die Spieler m\u00fcssen die echte Zeit f\u00fcr ihre Strategie im Auge behalten, um die Mitspieler zu schlagen. Es gilt, die Zeit bei verschiedenen Aktionsarten gut zu nutzen und die richtige Balance zwischen Planung, Analyse und Ausf\u00fchrung zu finden. Schneller ist nicht immer besser! Es gewinnt, wer seine Zeit am effektivsten plant und einsetzt.<\/p>\n\n\n\n<p>Quelle: <a href=\"https:\/\/feuerland-spiele.de\/index.php\">Feuerland<\/a><\/p>\n","protected":false},"excerpt":{"rendered":"<p>SPIEL lokal 22.-25.10.20 \u2013 Feuerland Feuerland ist ebenfalls mit Herbstneuheiten auf der Spiel lokal in Leidhecken dabei. New York Zoo, Pendulum New York Zoo Puzzeln und Tiere z\u00fcchten: Das Beste von UWE ROSENBERG in einem Spiel! In New York Zoo errichtet ihr einen Tierpark. Baut Gehege, stattet diese mit Tieren aus und lasst sie Nachwuchs &hellip; <\/p>\n<p class=\"link-more\"><a href=\"http:\/\/leidhecker-heim-spiel.de\/?page_id=576\" class=\"more-link\"><span class=\"screen-reader-text\">\u201eFeuerland\u201c<\/span> weiterlesen<\/a><\/p>\n","protected":false},"author":1,"featured_media":0,"parent":0,"menu_order":0,"comment_status":"closed","ping_status":"closed","template":"","meta":{"footnotes":""},"class_list":["post-576","page","type-page","status-publish","hentry"],"_links":{"self":[{"href":"http:\/\/leidhecker-heim-spiel.de\/index.php?rest_route=\/wp\/v2\/pages\/576","targetHints":{"allow":["GET"]}}],"collection":[{"href":"http:\/\/leidhecker-heim-spiel.de\/index.php?rest_route=\/wp\/v2\/pages"}],"about":[{"href":"http:\/\/leidhecker-heim-spiel.de\/index.php?rest_route=\/wp\/v2\/types\/page"}],"author":[{"embeddable":true,"href":"http:\/\/leidhecker-heim-spiel.de\/index.php?rest_route=\/wp\/v2\/users\/1"}],"replies":[{"embeddable":true,"href":"http:\/\/leidhecker-heim-spiel.de\/index.php?rest_route=%2Fwp%2Fv2%2Fcomments&post=576"}],"version-history":[{"count":2,"href":"http:\/\/leidhecker-heim-spiel.de\/index.php?rest_route=\/wp\/v2\/pages\/576\/revisions"}],"predecessor-version":[{"id":580,"href":"http:\/\/leidhecker-heim-spiel.de\/index.php?rest_route=\/wp\/v2\/pages\/576\/revisions\/580"}],"wp:attachment":[{"href":"http:\/\/leidhecker-heim-spiel.de\/index.php?rest_route=%2Fwp%2Fv2%2Fmedia&parent=576"}],"curies":[{"name":"wp","href":"https:\/\/api.w.org\/{rel}","templated":true}]}}